ors of r?
3, 7
Let k(t) = -t**2 + 4*t + 4. Let x be k(4). Suppose -123 = -4*w - 3*d, 3*w - x*w = d - 30. List the prime factors of w.
3, 11
Let x(k) be the second derivative of -k**4/12 - k**3/6 + 3*k**2/2 + k. Let t be x(0). Let i = 11 - t. List the prime factors of i.
2
Let g(r) = -6*r - 3. What are the prime factors of g(-6)?
3, 11
Let l = -14 - -8. What are the prime factors of ((-4)/6)/(l/117)?
13
Let u(w) = 0*w - 1 - 4*w + 0*w - 6*w. List the prime factors of u(-2).
19
Let y(z) = -22*z + 7. Let p be y(-3). Let a = -41 + p. What are the prime factors of a?
2
Suppose -c + 1 = 2*v + 2*c, 0 = v + 2*c - 1. Let h(u) = -u**2 - 4*u + 5. Let q be h(-4). Let r = v + q. What are the prime factors of r?
2
Suppose -z + 5*z = 0. Let c be (5 + (-70)/7)*6/(-10). Let u = z + c. List the prime factors of u.
3
Let g = -3 - 5. What are the prime factors of 2/(-8) - 90/g?
11
Let g = 1 - -1. Let d = g + 4. What are the prime factors of d?
2, 3
Let q be 1/(-2) - 230/(-20). Suppose 3*h - q = 16. What are the prime factors of h?
3
Let z = 41 - 26. List the prime factors of ((-54)/z - -4)*100.
2, 5
Let o(x) = -x - 2. List the prime factors of o(-8).
2, 3
Let i be 9/4 + 3/(-12). Let x = i + -3. Let c(d) = -11*d. What are the prime factors of c(x)?
11
Let u(a) = -2*a**3 - 7*a**2 + 15*a + 19. List the prime factors of u(-6).
109
Let a(g) = 2*g - 12. Let b be a(9). Suppose 16 = -2*d + b*d + 4*k, 0 = -5*k + 5. Suppose -d*p + 75 = 2*p. List the prime factors of p.
3, 5
Suppose -i = 3*i. Let z = 3 - -15. Suppose 4*b - b - z = i. What are the prime factors of b?
2, 3
Suppose -3*v = -r - 12 - 78, 0 = -5*r + 15. List the prime factors of v.
31
Suppose -5*n + n + 2*d + 200 = 0, -4*n + 192 = 2*d. What are the prime factors of n?
7
Let b(u) = 7*u + 4. Let c be b(2). Let j = c - 16. What are the prime factors of j?
2
Suppose 7*n = 2*n + 55. List the prime factors of n.
11
Suppose v - 6*i - 80 = -2*i, -2*v + 145 = -3*i. Suppose 3*z = v - 5. Suppose 4*r - 5*d = z, 2*d + d - 13 = -4*r. List the prime factors of r.
2
Let p(r) = r**2 - r - 2. Let i be p(-2). Suppose 0 = -4*n - d - i*d + 77, -4*d = 3*n - 58. What are the prime factors of n?
2, 3
Suppose -2*a = 4*j - 6, j - 8 = -3*a + 6. Let v be (16/(-20))/((-1)/a). Suppose -v*u = 4*g - 4, -4 = -0*g + 4*g. List the prime factors of u.
2
Let g(m) = 3*m + 9. Let a be g(-4). Let d = a + 6. List the prime factors of d.
3
Suppose 5*r = 8 + 12, 5*l + 15 = 5*r. Suppose 3*n + 20 = h - n, 5*n = -2*h + l. List the prime factors of h.
2
List the prime factors of -78*-1*1/3.
2, 13
Let j = 0 - 5. Let c be (-15)/(-6)*(-4)/j. What are the prime factors of c - 2 - 8/(-2)?
2
Let m = 14 - -10. List the prime factors of m.
2, 3
Let j be -3*(8/(-12) + -1). Suppose 149 = j*x - 4*b, -5*b = x - 26 + 2. List the prime factors of x.
29
Let p = -18 - -11. Let n = 8 + p. Suppose f + n = -3*i + 22, -2*f + 7 = i. List the prime factors of i.
7
List the prime factors of 1/(-7) + 2880/70.
41
Suppose 37 = 3*b + 5*q, -2*b + 3 = -q - 0*q. Let k be (31 + -1)/(6/b). Suppose m - k + 7 = 0. List the prime factors of m.
13
Let i = -7 + 9. Suppose -h + 6 = i*h. What are the prime factors of h?
2
Suppose -t + 2*p + 9 = 4*p, -44 = -4*t - 4*p. List the prime factors of t.
13
Suppose 17*z = 11*z + 66. List the prime factors of z.
11
Let w = 5 + -1. Let o = w + -2. Suppose -13 = -o*c + c + 2*j, -3*c + 2*j + 27 = 0. List the prime factors of c.
7
Let f = 247 + -126. What are the prime factors of f?
11
What are the prime factors of 3451/35 - 6/(-15)?
3, 11
Let u(x) = x**3 + 26. Suppose -4*o = -7*o. What are the prime factors of u(o)?
2, 13
Suppose 4*h - 277 - 15 = -4*l, -l = -2*h + 149. List the prime factors of h.
2, 37
Suppose 0 = 3*d - d - 8, 0 = 2*x - d - 44. Let y(c) = -c**3 - 6*c**2 - 3*c - 4. Let l be y(-5). Let t = x + l. List the prime factors of t.
2, 5
List the prime factors of (21/5)/((-2)/(-20)).
2, 3, 7
Let x = -33 + 59. List the prime factors of x.
2, 13
List the prime factors of (-3)/(150/51 - 3).
3, 17
Suppose 3*q = -3 - 57. Let h = q - -33. What are the prime factors of h?
13
Let f(x) = -x**3 + x**2 - 1. Let t(n) = 3*n**3 - n**2 + 3*n + 5. Let a(q) = 4*f(q) + t(q). What are the prime factors of a(3)?
2, 5
Let t be 4*5/((-10)/4). Let a = t - -37. What are the prime factors of a?
29
Suppose -2*c + 39 + 57 = 0. List the prime factors of c.
2, 3
Suppose 0 = 2*h - 10*h + 1320. What are the prime factors of h?
3, 5, 11
Suppose -17*o = 5*o - 2134. What are the prime factors of o?
97
Let r = 12 - -2. Let k = r + 1. What are the prime factors of k?
3, 5
Suppose 0 = 5*v + 7 - 52. What are the prime factors of 102/9*v/6?
17
Let k(c) = -2*c + 3. Let y = -10 + 4. List the prime factors of k(y).
3, 5
Let u = 45 - 18. What are the prime factors of u?
3
Let k be (15/9)/((-1)/3). Let z be ((-6)/k)/((-4)/(-10)). Suppose 10 = z*p + 2*p. What are the prime factors of p?
2
Suppose -11 = -2*w + 15. List the prime factors of w.
13
Suppose -3*a - 5*c + 7 = 0, -4*a = -a - 5*c - 17. Suppose a*w + t + 75 = -2*t, 5*t = w - 10. Let u = -4 - w. List the prime factors of u.
11
Let f be 1/(-1) - (-38 - 3). Suppose -y + f = -26. Suppose 19 + y = 5*p + 3*u, 5*u + 68 = 4*p. List the prime factors of p.
17
Let n be (5 - 2) + -2 + 1. Suppose -n*z = -z - 3. Let h = 3 + z. What are the prime factors of h?
2, 3
Let s be (32/(-14) - -2)*-7. Suppose -4*x + 10 = -5*m, s*m + 1 + 3 = 0. List the prime factors of x + 0 + 1 + 15.
2
Let n(c) = -c**2 + c - 2. Suppose 5*a - 5*h = 10, -2*a + 1 + 5 = -3*h. Let w be n(a). Let o(u) = u**3 + 4*u**2 + 2*u + 1. What are the prime factors of o(w)?
5
Let z be (-4)/10*(6 + -1). What are the prime factors of (-370)/(-25) - z/10?
3, 5
Let b = 49 - 27. What are the prime factors of b?
2, 11
Let i = -14 + 37. Suppose -m + i = -5. What are the prime factors of m?
2, 7
Let l(n) = -n**3 + 3*n**2 + 6*n - 4. Let c be l(4). Suppose c*f = -2*h + 18, 3*f = h - 0*h - 9. List the prime factors of h.
3
Suppose -12 = -2*u + 2*q, -3*u - 3*q + 7 - 1 = 0. Suppose -h + u = h. What are the prime factors of h?
2
Suppose 0 = i + 4*k - 26, 2*i = 3*k + 8 - 0. What are the prime factors of i?
2, 5
What are the prime factors of -2 - -3 - (-4 - -2)?
3
Let k(u) = 2*u**3. List the prime factors of k(3).
2, 3
Suppose 5*v - 11 = 9. Suppose -v*o = 5*m - 145, -3*m + 4*o - 112 = -7*m. List the prime factors of m.
3, 11
Suppose 0 = -4*g - x - x + 30, -g - x = -10. What are the prime factors of g?
5
Let p(r) = r**2 + r. Let j(t) = -t**2 - 8*t + 7. Let l(f) = j(f) + 2*p(f). List the prime factors of l(6).
7
Suppose 77 = 2*t - 3*r, 0*t - 3*t = 4*r - 73. What are the prime factors of t?
31
Let x(o) be the third derivative of o**6/120 - o**5/10 + 7*o**4/24 - 2*o**3/3 + 2*o**2. List the prime factors of x(5).
2, 3
List the prime factors of 6/(-10) - (258/(-5) + 2).
7
Let n = -3 + 144. Suppose 3*v + 49 = m, 0 = -4*m - 0*v + v + n. What are the prime factors of m?
2, 17
Let o be 162/21 - (-4)/14. Suppose -3*r = -4*r + o. What are the prime factors of r?
2
Suppose 0*a - 5*y + 18 = -2*a, 9 = a + 2*y. Suppose 0 = 3*f - a - 5. Suppose 40 = 6*t - f*t. What are the prime factors of t?
2, 5
Let j = 23 + 24. List the prime factors of j.
47
What are the prime factors of (-288)/(-3) - (-11 + 7)?
2, 5
Suppose -3*p = -5*p + 30. What are the prime factors of -1 + p + 0 - 1?
13
Let q be (-2)/7 + (-762)/(-21). Let i be 9/6 - 5/(-2). Suppose 0 = -0*n - i*n + q. What are the prime factors of n?
3
Let d(q) = 3*q**2 - 8*q + 3. What are the prime factors of d(7)?
2, 47
Let c = 88 - 11. What are the prime factors of c?
7, 11
Let f be (6/(-15))/(1/(-30)). Let h = f - 8. List the prime factors of h.
2
What are the prime factors of 101 + 3 - (2 + -2)?
2, 13
Suppose 59 = 4*b - 65. Let s = b - -5. Suppose 5*m - s = m. List the prime factors of m.
3
Let x(f) = -f**3 + 8*f**2 - 2*f - 3. Let t(d) = -d**2 + 6*d + 2. Let h be t(5). List the prime factors of x(h).
2
Let g be (-6)/4 + 118/4. Let z be (-5)/(15/(-6)) - g. List the prime factors of 2/(-4)*(8 + z).
3
Let g be 3/6*2 - -2. Suppose -4*f - 3*l = 32, 2*f - g*l - 17 = 3*f. Let d = f - -9. List the prime factors of d.
2
Let m(y) = -y**2 + y + 4. Let c be m(0). Suppose -w = c*g + 4, 2*w + 2 = -g + 15. Let l = -1 + w. List the prime factors of l.
7
Suppose 5*z - g = 7 + 19, -3*z + g + 1